{"id":11,"date":"2022-09-20T15:19:34","date_gmt":"2022-09-20T15:19:34","guid":{"rendered":"https:\/\/www.akademie-remesel.cz\/?page_id=11"},"modified":"2026-01-09T15:07:40","modified_gmt":"2026-01-09T13:07:40","slug":"pro-zajemce","status":"publish","type":"page","link":"https:\/\/www.akademie-remesel.cz\/de\/pro-zajemce\/","title":{"rendered":"F\u00fcr Interessierte"},"content":{"rendered":"<h5 class=\"wp-block-heading has-text-align-center\">Handwerkskurse \u2013 was Sie wissen m\u00fcssen und wo Sie die Informationen finden? <\/h5>\n\n\n\n<p class=\"has-text-align-center\"><a href=\"https:\/\/www.akademie-remesel.cz\/de\/vzdelavani-hydroizolace-ploche-strechy\/\">Weiterbildung im Bereich Flachdachabdichtung<\/a><\/p>\n\n\n\n<p class=\"has-text-align-center\"><a href=\"https:\/\/www.akademie-remesel.cz\/de\/kurz-bridlicovych-strech\/\">Schieferd\u00e4cher \u2013\u00a0Fachkurs<\/a><\/p>\n\n\n\n<p class=\"has-text-align-center\"><a href=\"https:\/\/www.akademie-remesel.cz\/de\/kurzy-na-miru\/\">Ma\u00dfgeschneiderte individuelle Kurse<\/a><\/p>\n\n\n\n<p class=\"has-text-align-center\"><a href=\"https:\/\/www.akademie-remesel.cz\/de\/nova-kariera\/\">Eine neue Karriere, oder wir f\u00f6rdern Handwerker beruflich<\/a><\/p>\n\n\n\n<h5 class=\"wp-block-heading has-text-align-center\">Schauen Sie sich unsere Bildungs\u00fcbersicht an:<\/h5>\n\n\n\n<p class=\"has-text-align-center\"><a href=\"https:\/\/www.akademie-remesel.cz\/de\/pro-koho-kurzy-jsou\/\">F\u00fcr wen sind die Kurse?<\/a><\/p>\n\n\n\n<p class=\"has-text-align-center\"><a href=\"https:\/\/www.akademie-remesel.cz\/de\/nas-pristup\/\">Unser Ansatz in der beruflichen Weiterbildung<\/a><\/p>\n\n\n\n<p class=\"has-text-align-center\"><a href=\"https:\/\/www.akademie-remesel.cz\/de\/lektori\/\">Dozenten und Akkreditierung<\/a><\/p>\n\n\n\n<p class=\"has-text-align-center\"><a href=\"https:\/\/www.akademie-remesel.cz\/de\/kde-nas-najdete\/\">Wo Sie uns finden<\/a><\/p>\n\n\n\n<p class=\"has-text-align-center\">Und nat\u00fcrlich vergessen wir nicht <a href=\"https:\/\/www.akademie-remesel.cz\/de\/kontakt\/\">Kontakt Formular<\/a><\/p>\n\n\n\n<h5 class=\"wp-block-heading has-text-align-center\">Haben Sie sich verirrt? <\/h5>\n\n\n\n<p class=\"has-text-align-center\"><a href=\"https:\/\/www.akademie-remesel.cz\/de\/\">Zur\u00fcck zur Einleitung.<\/a> :-)<\/p>","protected":false},"excerpt":{"rendered":"<p>\u0158emesln\u00e9 kurzy &#8211; co pot\u0159ebujete v\u011bd\u011bt a kde to naj\u00edt? Vzd\u011bl\u00e1v\u00e1n\u00ed v hydroizolac\u00edch ploch\u00fdch st\u0159ech Kurz b\u0159idlicov\u00fdch st\u0159ech Kurzy na m\u00edru va\u0161im po\u017eadavk\u016fm Nov\u00e1 kari\u00e9ra, aneb profesn\u011b posouv\u00e1me \u0159emesln\u00edky Nahl\u00e9dn\u011bte do na\u0161ich souhrnn\u00fdch informac\u00ed ke vzd\u011bl\u00e1v\u00e1n\u00ed: Pro koho kurzy jsou? N\u00e1\u0161 p\u0159\u00edstup ke vzd\u011bl\u00e1v\u00e1n\u00ed Lekto\u0159i a akreditace Kde n\u00e1s najdete? A samoz\u0159ejm\u011b nezapom\u00edn\u00e1me ani na [&hellip;]<\/p>\n","protected":false},"author":1,"featured_media":0,"parent":0,"menu_order":0,"comment_status":"closed","ping_status":"closed","template":"","meta":{"footnotes":""},"class_list":["post-11","page","type-page","status-publish","hentry"],"yoast_head":"<!-- This site is optimized with the Yoast SEO plugin v27.5 - https:\/\/yoast.com\/product\/yoast-seo-wordpress\/ -->\n<title>Pro z\u00e1jemce - Akademie \u0159emesel z.\u00fa.<\/title>\n<meta name=\"description\" content=\"Souhrnn\u00e9 informace k \u0159emesln\u00fdm kurz\u016fm. Zjist\u011bte, pro koho jsou kurzy ur\u010deny, jak\u00fd je n\u00e1\u0161 p\u0159\u00edstup, lekto\u0159i, ale i mo\u017enosti dal\u0161\u00ed kari\u00e9ry.\" \/>\n<meta name=\"robots\" content=\"index, follow, max-snippet:-1, max-image-preview:large, max-video-preview:-1\" \/>\n<link rel=\"canonical\" href=\"https:\/\/www.akademie-remesel.cz\/de\/pro-zajemce\/\" \/>\n<meta property=\"og:locale\" content=\"de_DE\" \/>\n<meta property=\"og:type\" content=\"article\" \/>\n<meta property=\"og:title\" content=\"Pro z\u00e1jemce - Akademie \u0159emesel z.\u00fa.\" \/>\n<meta property=\"og:description\" content=\"Souhrnn\u00e9 informace k \u0159emesln\u00fdm kurz\u016fm. Zjist\u011bte, pro koho jsou kurzy ur\u010deny, jak\u00fd je n\u00e1\u0161 p\u0159\u00edstup, lekto\u0159i, ale i mo\u017enosti dal\u0161\u00ed kari\u00e9ry.\" \/>\n<meta property=\"og:url\" content=\"https:\/\/www.akademie-remesel.cz\/de\/pro-zajemce\/\" \/>\n<meta property=\"og:site_name\" content=\"Akademie \u0159emesel z.\u00fa.\" \/>\n<meta property=\"article:publisher\" content=\"https:\/\/www.facebook.com\/akademieremeselcheb\/\" \/>\n<meta property=\"article:modified_time\" content=\"2026-01-09T13:07:40+00:00\" \/>\n<meta name=\"twitter:card\" content=\"summary_large_image\" \/>\n<meta name=\"twitter:label1\" content=\"Gesch\u00e4tzte Lesezeit\" \/>\n\t<meta name=\"twitter:data1\" content=\"1\u00a0Minute\" \/>\n<script type=\"application\/ld+json\" class=\"yoast-schema-graph\">{\"@context\":\"https:\\\/\\\/schema.org\",\"@graph\":[{\"@type\":\"WebPage\",\"@id\":\"https:\\\/\\\/www.akademie-remesel.cz\\\/pro-zajemce\\\/\",\"url\":\"https:\\\/\\\/www.akademie-remesel.cz\\\/pro-zajemce\\\/\",\"name\":\"Pro z\u00e1jemce - Akademie \u0159emesel z.\u00fa.\",\"isPartOf\":{\"@id\":\"https:\\\/\\\/www.akademie-remesel.cz\\\/#website\"},\"datePublished\":\"2022-09-20T15:19:34+00:00\",\"dateModified\":\"2026-01-09T13:07:40+00:00\",\"description\":\"Souhrnn\u00e9 informace k \u0159emesln\u00fdm kurz\u016fm. Zjist\u011bte, pro koho jsou kurzy ur\u010deny, jak\u00fd je n\u00e1\u0161 p\u0159\u00edstup, lekto\u0159i, ale i mo\u017enosti dal\u0161\u00ed kari\u00e9ry.\",\"breadcrumb\":{\"@id\":\"https:\\\/\\\/www.akademie-remesel.cz\\\/pro-zajemce\\\/#breadcrumb\"},\"inLanguage\":\"de\",\"potentialAction\":[{\"@type\":\"ReadAction\",\"target\":[\"https:\\\/\\\/www.akademie-remesel.cz\\\/pro-zajemce\\\/\"]}]},{\"@type\":\"BreadcrumbList\",\"@id\":\"https:\\\/\\\/www.akademie-remesel.cz\\\/pro-zajemce\\\/#breadcrumb\",\"itemListElement\":[{\"@type\":\"ListItem\",\"position\":1,\"name\":\"Dom\u016f\",\"item\":\"https:\\\/\\\/www.akademie-remesel.cz\\\/\"},{\"@type\":\"ListItem\",\"position\":2,\"name\":\"Pro z\u00e1jemce\"}]},{\"@type\":\"WebSite\",\"@id\":\"https:\\\/\\\/www.akademie-remesel.cz\\\/#website\",\"url\":\"https:\\\/\\\/www.akademie-remesel.cz\\\/\",\"name\":\"Akademie \u0159emesel z.\u00fa.\",\"description\":\"Odborn\u00e9 vzd\u011bl\u00e1v\u00e1n\u00ed v \u0159emeslech, kter\u00e9 obstoj\u00ed v praxi.\",\"publisher\":{\"@id\":\"https:\\\/\\\/www.akademie-remesel.cz\\\/#organization\"},\"alternateName\":\"Akademie \u0159emesel Cheb\",\"potentialAction\":[{\"@type\":\"SearchAction\",\"target\":{\"@type\":\"EntryPoint\",\"urlTemplate\":\"https:\\\/\\\/www.akademie-remesel.cz\\\/?s={search_term_string}\"},\"query-input\":{\"@type\":\"PropertyValueSpecification\",\"valueRequired\":true,\"valueName\":\"search_term_string\"}}],\"inLanguage\":\"de\"},{\"@type\":\"Organization\",\"@id\":\"https:\\\/\\\/www.akademie-remesel.cz\\\/#organization\",\"name\":\"Akademie \u0159emesel z.\u00fa.\",\"alternateName\":\"Akademie \u0159emesel Cheb\",\"url\":\"https:\\\/\\\/www.akademie-remesel.cz\\\/\",\"logo\":{\"@type\":\"ImageObject\",\"inLanguage\":\"de\",\"@id\":\"https:\\\/\\\/www.akademie-remesel.cz\\\/#\\\/schema\\\/logo\\\/image\\\/\",\"url\":\"https:\\\/\\\/www.akademie-remesel.cz\\\/wp-content\\\/uploads\\\/2022\\\/09\\\/logo-Akademie-2.jpg\",\"contentUrl\":\"https:\\\/\\\/www.akademie-remesel.cz\\\/wp-content\\\/uploads\\\/2022\\\/09\\\/logo-Akademie-2.jpg\",\"width\":1190,\"height\":1187,\"caption\":\"Akademie \u0159emesel z.\u00fa.\"},\"image\":{\"@id\":\"https:\\\/\\\/www.akademie-remesel.cz\\\/#\\\/schema\\\/logo\\\/image\\\/\"},\"sameAs\":[\"https:\\\/\\\/www.facebook.com\\\/akademieremeselcheb\\\/\",\"https:\\\/\\\/www.linkedin.com\\\/company\\\/akademie-remesel-z-u\\\/\",\"https:\\\/\\\/www.youtube.com\\\/@akademieremeselcheb\"]}]}<\/script>\n<!-- \/ Yoast SEO plugin. -->","yoast_head_json":{"title":"Pro z\u00e1jemce - Akademie \u0159emesel z.\u00fa.","description":"Souhrnn\u00e9 informace k \u0159emesln\u00fdm kurz\u016fm. Zjist\u011bte, pro koho jsou kurzy ur\u010deny, jak\u00fd je n\u00e1\u0161 p\u0159\u00edstup, lekto\u0159i, ale i mo\u017enosti dal\u0161\u00ed kari\u00e9ry.","robots":{"index":"index","follow":"follow","max-snippet":"max-snippet:-1","max-image-preview":"max-image-preview:large","max-video-preview":"max-video-preview:-1"},"canonical":"https:\/\/www.akademie-remesel.cz\/de\/pro-zajemce\/","og_locale":"de_DE","og_type":"article","og_title":"Pro z\u00e1jemce - Akademie \u0159emesel z.\u00fa.","og_description":"Souhrnn\u00e9 informace k \u0159emesln\u00fdm kurz\u016fm. Zjist\u011bte, pro koho jsou kurzy ur\u010deny, jak\u00fd je n\u00e1\u0161 p\u0159\u00edstup, lekto\u0159i, ale i mo\u017enosti dal\u0161\u00ed kari\u00e9ry.","og_url":"https:\/\/www.akademie-remesel.cz\/de\/pro-zajemce\/","og_site_name":"Akademie \u0159emesel z.\u00fa.","article_publisher":"https:\/\/www.facebook.com\/akademieremeselcheb\/","article_modified_time":"2026-01-09T13:07:40+00:00","twitter_card":"summary_large_image","twitter_misc":{"Gesch\u00e4tzte Lesezeit":"1\u00a0Minute"},"schema":{"@context":"https:\/\/schema.org","@graph":[{"@type":"WebPage","@id":"https:\/\/www.akademie-remesel.cz\/pro-zajemce\/","url":"https:\/\/www.akademie-remesel.cz\/pro-zajemce\/","name":"Pro z\u00e1jemce - Akademie \u0159emesel z.\u00fa.","isPartOf":{"@id":"https:\/\/www.akademie-remesel.cz\/#website"},"datePublished":"2022-09-20T15:19:34+00:00","dateModified":"2026-01-09T13:07:40+00:00","description":"Souhrnn\u00e9 informace k \u0159emesln\u00fdm kurz\u016fm. Zjist\u011bte, pro koho jsou kurzy ur\u010deny, jak\u00fd je n\u00e1\u0161 p\u0159\u00edstup, lekto\u0159i, ale i mo\u017enosti dal\u0161\u00ed kari\u00e9ry.","breadcrumb":{"@id":"https:\/\/www.akademie-remesel.cz\/pro-zajemce\/#breadcrumb"},"inLanguage":"de","potentialAction":[{"@type":"ReadAction","target":["https:\/\/www.akademie-remesel.cz\/pro-zajemce\/"]}]},{"@type":"BreadcrumbList","@id":"https:\/\/www.akademie-remesel.cz\/pro-zajemce\/#breadcrumb","itemListElement":[{"@type":"ListItem","position":1,"name":"Dom\u016f","item":"https:\/\/www.akademie-remesel.cz\/"},{"@type":"ListItem","position":2,"name":"Pro z\u00e1jemce"}]},{"@type":"WebSite","@id":"https:\/\/www.akademie-remesel.cz\/#website","url":"https:\/\/www.akademie-remesel.cz\/","name":"Akademie des Handwerks","description":"Fachliche Bildung im Handwerk, die sich in der Praxis gew\u00e4hrt.","publisher":{"@id":"https:\/\/www.akademie-remesel.cz\/#organization"},"alternateName":"Akademie \u0159emesel Cheb","potentialAction":[{"@type":"SearchAction","target":{"@type":"EntryPoint","urlTemplate":"https:\/\/www.akademie-remesel.cz\/?s={search_term_string}"},"query-input":{"@type":"PropertyValueSpecification","valueRequired":true,"valueName":"search_term_string"}}],"inLanguage":"de"},{"@type":"Organization","@id":"https:\/\/www.akademie-remesel.cz\/#organization","name":"Akademie des Handwerks","alternateName":"Akademie \u0159emesel Cheb","url":"https:\/\/www.akademie-remesel.cz\/","logo":{"@type":"ImageObject","inLanguage":"de","@id":"https:\/\/www.akademie-remesel.cz\/#\/schema\/logo\/image\/","url":"https:\/\/www.akademie-remesel.cz\/wp-content\/uploads\/2022\/09\/logo-Akademie-2.jpg","contentUrl":"https:\/\/www.akademie-remesel.cz\/wp-content\/uploads\/2022\/09\/logo-Akademie-2.jpg","width":1190,"height":1187,"caption":"Akademie \u0159emesel z.\u00fa."},"image":{"@id":"https:\/\/www.akademie-remesel.cz\/#\/schema\/logo\/image\/"},"sameAs":["https:\/\/www.facebook.com\/akademieremeselcheb\/","https:\/\/www.linkedin.com\/company\/akademie-remesel-z-u\/","https:\/\/www.youtube.com\/@akademieremeselcheb"]}]}},"_links":{"self":[{"href":"https:\/\/www.akademie-remesel.cz\/de\/wp-json\/wp\/v2\/pages\/11","targetHints":{"allow":["GET"]}}],"collection":[{"href":"https:\/\/www.akademie-remesel.cz\/de\/wp-json\/wp\/v2\/pages"}],"about":[{"href":"https:\/\/www.akademie-remesel.cz\/de\/wp-json\/wp\/v2\/types\/page"}],"author":[{"embeddable":true,"href":"https:\/\/www.akademie-remesel.cz\/de\/wp-json\/wp\/v2\/users\/1"}],"replies":[{"embeddable":true,"href":"https:\/\/www.akademie-remesel.cz\/de\/wp-json\/wp\/v2\/comments?post=11"}],"version-history":[{"count":3,"href":"https:\/\/www.akademie-remesel.cz\/de\/wp-json\/wp\/v2\/pages\/11\/revisions"}],"predecessor-version":[{"id":1105,"href":"https:\/\/www.akademie-remesel.cz\/de\/wp-json\/wp\/v2\/pages\/11\/revisions\/1105"}],"wp:attachment":[{"href":"https:\/\/www.akademie-remesel.cz\/de\/wp-json\/wp\/v2\/media?parent=11"}],"curies":[{"name":"wp","href":"https:\/\/api.w.org\/{rel}","templated":true}]}}

Für Interessierte

<h5 class="wp-block-heading has-text-align-center">Handwerkskurse – was Sie wissen müssen und wo Sie die Informationen finden? </h5>



<p class="has-text-align-center"><a href="https://www.akademie-remesel.cz/de/vzdelavani-hydroizolace-ploche-strechy/">Weiterbildung im Bereich Flachdachabdichtung</a></p>



<p class="has-text-align-center"><a href="https://www.akademie-remesel.cz/de/kurz-bridlicovych-strech/">Schieferdächer – Fachkurs</a></p>



<p class="has-text-align-center"><a href="https://www.akademie-remesel.cz/de/kurzy-na-miru/">Maßgeschneiderte individuelle Kurse</a></p>



<p class="has-text-align-center"><a href="https://www.akademie-remesel.cz/de/nova-kariera/">Eine neue Karriere, oder wir fördern Handwerker beruflich</a></p>



<h5 class="wp-block-heading has-text-align-center">Schauen Sie sich unsere Bildungsübersicht an:</h5>



<p class="has-text-align-center"><a href="https://www.akademie-remesel.cz/de/pro-koho-kurzy-jsou/">Für wen sind die Kurse?</a></p>



<p class="has-text-align-center"><a href="https://www.akademie-remesel.cz/de/nas-pristup/">Unser Ansatz in der beruflichen Weiterbildung</a></p>



<p class="has-text-align-center"><a href="https://www.akademie-remesel.cz/de/lektori/">Dozenten und Akkreditierung</a></p>



<p class="has-text-align-center"><a href="https://www.akademie-remesel.cz/de/kde-nas-najdete/">Wo Sie uns finden</a></p>



<p class="has-text-align-center">Und natürlich vergessen wir nicht <a href="https://www.akademie-remesel.cz/de/kontakt/">Kontakt Formular</a></p>



<h5 class="wp-block-heading has-text-align-center">Haben Sie sich verirrt? </h5>



<p class="has-text-align-center"><a href="https://www.akademie-remesel.cz/de/">Zurück zur Einleitung.</a> :-)</p>

<p>Řemeslné kurzy &#8211; co potřebujete vědět a kde to najít? Vzdělávání v hydroizolacích plochých střech Kurz břidlicových střech Kurzy na míru vašim požadavkům Nová kariéra, aneb profesně posouváme řemeslníky Nahlédněte do našich souhrnných informací ke vzdělávání: Pro koho kurzy jsou? Náš přístup ke vzdělávání Lektoři a akreditace Kde nás najdete? A samozřejmě nezapomínáme ani na [&hellip;]</p>

<!-- This site is optimized with the Yoast SEO plugin v27.5 - https://yoast.com/product/yoast-seo-wordpress/ -->
<title>Pro zájemce - Akademie řemesel z.ú.</title>
<meta name="description" content="Souhrnné informace k řemeslným kurzům. Zjistěte, pro koho jsou kurzy určeny, jaký je náš přístup, lektoři, ale i možnosti další kariéry." />
<meta name="robots" content="index, follow, max-snippet:-1, max-image-preview:large, max-video-preview:-1" />
<link rel="canonical" href="https://www.akademie-remesel.cz/de/pro-zajemce/" />
<meta property="og:locale" content="de_DE" />
<meta property="og:type" content="article" />
<meta property="og:title" content="Pro zájemce - Akademie řemesel z.ú." />
<meta property="og:description" content="Souhrnné informace k řemeslným kurzům. Zjistěte, pro koho jsou kurzy určeny, jaký je náš přístup, lektoři, ale i možnosti další kariéry." />
<meta property="og:url" content="https://www.akademie-remesel.cz/de/pro-zajemce/" />
<meta property="og:site_name" content="Akademie řemesel z.ú." />
<meta property="article:publisher" content="https://www.facebook.com/akademieremeselcheb/" />
<meta property="article:modified_time" content="2026-01-09T13:07:40+00:00" />
<meta name="twitter:card" content="summary_large_image" />
<meta name="twitter:label1" content="Geschätzte Lesezeit" />
	<meta name="twitter:data1" content="1 Minute" />
<script type="application/ld+json" class="yoast-schema-graph">{"@context":"https:\/\/schema.org","@graph":[{"@type":"WebPage","@id":"https:\/\/www.akademie-remesel.cz\/pro-zajemce\/","url":"https:\/\/www.akademie-remesel.cz\/pro-zajemce\/","name":"Pro zájemce - Akademie řemesel z.ú.","isPartOf":{"@id":"https:\/\/www.akademie-remesel.cz\/#website"},"datePublished":"2022-09-20T15:19:34+00:00","dateModified":"2026-01-09T13:07:40+00:00","description":"Souhrnné informace k řemeslným kurzům. Zjistěte, pro koho jsou kurzy určeny, jaký je náš přístup, lektoři, ale i možnosti další kariéry.","breadcrumb":{"@id":"https:\/\/www.akademie-remesel.cz\/pro-zajemce\/#breadcrumb"},"inLanguage":"de","potentialAction":[{"@type":"ReadAction","target":["https:\/\/www.akademie-remesel.cz\/pro-zajemce\/"]}]},{"@type":"BreadcrumbList","@id":"https:\/\/www.akademie-remesel.cz\/pro-zajemce\/#breadcrumb","itemListElement":[{"@type":"ListItem","position":1,"name":"Domů","item":"https:\/\/www.akademie-remesel.cz\/"},{"@type":"ListItem","position":2,"name":"Pro zájemce"}]},{"@type":"WebSite","@id":"https:\/\/www.akademie-remesel.cz\/#website","url":"https:\/\/www.akademie-remesel.cz\/","name":"Akademie řemesel z.ú.","description":"Odborné vzdělávání v řemeslech, které obstojí v praxi.","publisher":{"@id":"https:\/\/www.akademie-remesel.cz\/#organization"},"alternateName":"Akademie řemesel Cheb","potentialAction":[{"@type":"SearchAction","target":{"@type":"EntryPoint","urlTemplate":"https:\/\/www.akademie-remesel.cz\/?s={search_term_string}"},"query-input":{"@type":"PropertyValueSpecification","valueRequired":true,"valueName":"search_term_string"}}],"inLanguage":"de"},{"@type":"Organization","@id":"https:\/\/www.akademie-remesel.cz\/#organization","name":"Akademie řemesel z.ú.","alternateName":"Akademie řemesel Cheb","url":"https:\/\/www.akademie-remesel.cz\/","logo":{"@type":"ImageObject","inLanguage":"de","@id":"https:\/\/www.akademie-remesel.cz\/#\/schema\/logo\/image\/","url":"https:\/\/www.akademie-remesel.cz\/wp-content\/uploads\/2022\/09\/logo-Akademie-2.jpg","contentUrl":"https:\/\/www.akademie-remesel.cz\/wp-content\/uploads\/2022\/09\/logo-Akademie-2.jpg","width":1190,"height":1187,"caption":"Akademie řemesel z.ú."},"image":{"@id":"https:\/\/www.akademie-remesel.cz\/#\/schema\/logo\/image\/"},"sameAs":["https:\/\/www.facebook.com\/akademieremeselcheb\/","https:\/\/www.linkedin.com\/company\/akademie-remesel-z-u\/","https:\/\/www.youtube.com\/@akademieremeselcheb"]}]}</script>
<!-- / Yoast SEO plugin. -->

Pro zájemce - Akademie řemesel z.ú.

Souhrnné informace k řemeslným kurzům. Zjistěte, pro koho jsou kurzy určeny, jaký je náš přístup, lektoři, ale i možnosti další kariéry.

Akademie řemesel z.ú.

Domů

Pro zájemce

Fachliche Bildung im Handwerk, die sich in der Praxis gewährt.

Akademie řemesel Cheb
